{"id":2630,"date":"2023-05-01T10:36:54","date_gmt":"2023-05-01T10:36:54","guid":{"rendered":"https:\/\/jeaninarat.com\/?post_type=product&#038;p=2630"},"modified":"2023-11-30T13:15:05","modified_gmt":"2023-11-30T13:15:05","slug":"im-the-elephant-2","status":"publish","type":"product","link":"https:\/\/jeaninarat.com\/ro\/produs\/im-the-elephant-2\/","title":{"rendered":"I&#8217;m the Elephant"},"content":{"rendered":"<p><b>PRINTURI HARTIE<\/b><\/p>\n<p>Printurile sunt realizate folosind h\u00e2rtie de art\u0103, bumbac 100% pe baz\u0103 de fibre \u2013 Breathing Color sau Hahnem\u00fchle \u0219i pigmen\u021bi de arhiv\u0103 cu o durat\u0103 de via\u021b\u0103 de peste 80 de ani, f\u0103r\u0103 decolorare. Pentru a avea cele mai bune rezultate \u0219i calitate procesul de imprimare folosit este gicl\u00e9e.<br \/>\nPrinturile sunt semnate \u0219i autentificate prin semn\u0103tura personal\u0103 a artistului \u0219i numerotate pe spatele printului. Fiecare print este realizat cu un chenar alb de 1-2,5 cm pentru a facilita \u00eencadrarea.<\/p>\n<p>Pentru a asigura o durat\u0103 lung\u0103 de via\u021b\u0103 printurilor, v\u0103 recomand\u0103m s\u0103 proteja\u021bi printul cu o sticl\u0103 cu protec\u021bie anti-UV sau s\u0103-l pozi\u021biona\u021bi departe de lumina direct\u0103 a soarelui.<\/p>\n<p>Printurile sunt acum disponibile si inramate, v\u0103 rug\u0103m selecta\u021bi dimensiunea:<br \/>\n\u2013 print 15x21cm\/ cu ram\u0103  20\u00d730 cm,<br \/>\n\u2013 print 21\u00d730\/ cu ram\u0103 30\u00d740 cm,<br \/>\n\u2013 print 30\u00d740\/ cu ram\u0103 40\u00d750 cm.<\/p>\n<p>Disponibil pe diferite dimensiuni la cerere.<\/p>\n<p>Printurile cu dimensiunile 21\u00d730 cm si 30x40cm sunt compatibile cu ramele Ikea 30x40cm si 40x50cm.<\/p>\n<p>&nbsp;<\/p>\n<p>&nbsp;<\/p>","protected":false},"excerpt":{"rendered":"<p>\u201eI'm the Elephant\u201d lucrare disponibil\u0103 sub form\u0103 de printuri \u00een edi\u021bie limitat\u0103 de 50 de reproduceri.<\/p>\n<p>V\u0103 rug\u0103m selecta\u021bi dimensiunea. Pentru alte dimensiuni v\u0103 rug\u0103m sa ne transmiteti cererea dumneavoastr\u0103 prin formularul de contact.<\/p>","protected":false},"featured_media":2645,"template":"","meta":[],"product_brand":[],"product_cat":[18,52],"product_tag":[59],"class_list":{"0":"post-2630","1":"product","2":"type-product","3":"status-publish","4":"has-post-thumbnail","6":"product_cat-giclee-prints","7":"product_cat-apartment-95-giclee-prints","8":"product_tag-elephant","10":"first","11":"instock","12":"shipping-taxable","13":"purchasable","14":"product-type-variable","15":"has-default-attributes"},"yoast_head":"<!-- This site is optimized with the Yoast SEO plugin v25.9 - https:\/\/yoast.com\/wordpress\/plugins\/seo\/ -->\n<title>I&#039;m the Elephant - Jeanina Ra\u021b<\/title>\n<meta name=\"robots\" content=\"index, follow, max-snippet:-1, max-image-preview:large, max-video-preview:-1\" \/>\n<link rel=\"canonical\" href=\"https:\/\/jeaninarat.com\/ro\/produs\/im-the-elephant-2\/\" \/>\n<meta property=\"og:locale\" content=\"ro_RO\" \/>\n<meta property=\"og:type\" content=\"article\" \/>\n<meta property=\"og:title\" content=\"I&#039;m the Elephant - Jeanina Ra\u021b\" \/>\n<meta property=\"og:description\" content=\"&#039;&#039;I&#039;m the Elephant&quot; is available as prints in limited edition of 50 reproductions.  Please select the size. For any dimension please send us your request via contact form.\" \/>\n<meta property=\"og:url\" content=\"https:\/\/jeaninarat.com\/ro\/produs\/im-the-elephant-2\/\" \/>\n<meta property=\"og:site_name\" content=\"Jeanina Ra\u021b\" \/>\n<meta property=\"article:modified_time\" content=\"2023-11-30T13:15:05+00:00\" \/>\n<meta property=\"og:image\" content=\"https:\/\/jeaninarat.com\/wp-content\/uploads\/2023\/05\/elep75-1.jpg\" \/>\n\t<meta property=\"og:image:width\" content=\"945\" \/>\n\t<meta property=\"og:image:height\" content=\"1181\" \/>\n\t<meta property=\"og:image:type\" content=\"image\/jpeg\" \/>\n<meta name=\"twitter:card\" content=\"summary_large_image\" \/>\n<meta name=\"twitter:label1\" content=\"Timp estimat pentru citire\" \/>\n\t<meta name=\"twitter:data1\" content=\"1 minut\" \/>\n<script type=\"application\/ld+json\" class=\"yoast-schema-graph\">{\"@context\":\"https:\/\/schema.org\",\"@graph\":[{\"@type\":\"WebPage\",\"@id\":\"https:\/\/jeaninarat.com\/product\/im-the-elephant-2\/\",\"url\":\"https:\/\/jeaninarat.com\/product\/im-the-elephant-2\/\",\"name\":\"I'm the Elephant - Jeanina Ra\u021b\",\"isPartOf\":{\"@id\":\"https:\/\/jeaninarat.com\/#website\"},\"primaryImageOfPage\":{\"@id\":\"https:\/\/jeaninarat.com\/product\/im-the-elephant-2\/#primaryimage\"},\"image\":{\"@id\":\"https:\/\/jeaninarat.com\/product\/im-the-elephant-2\/#primaryimage\"},\"thumbnailUrl\":\"https:\/\/jeaninarat.com\/wp-content\/uploads\/2023\/05\/elep75-1.jpg\",\"datePublished\":\"2023-05-01T10:36:54+00:00\",\"dateModified\":\"2023-11-30T13:15:05+00:00\",\"breadcrumb\":{\"@id\":\"https:\/\/jeaninarat.com\/product\/im-the-elephant-2\/#breadcrumb\"},\"inLanguage\":\"ro-RO\",\"potentialAction\":[{\"@type\":\"ReadAction\",\"target\":[\"https:\/\/jeaninarat.com\/product\/im-the-elephant-2\/\"]}]},{\"@type\":\"ImageObject\",\"inLanguage\":\"ro-RO\",\"@id\":\"https:\/\/jeaninarat.com\/product\/im-the-elephant-2\/#primaryimage\",\"url\":\"https:\/\/jeaninarat.com\/wp-content\/uploads\/2023\/05\/elep75-1.jpg\",\"contentUrl\":\"https:\/\/jeaninarat.com\/wp-content\/uploads\/2023\/05\/elep75-1.jpg\",\"width\":945,\"height\":1181},{\"@type\":\"BreadcrumbList\",\"@id\":\"https:\/\/jeaninarat.com\/product\/im-the-elephant-2\/#breadcrumb\",\"itemListElement\":[{\"@type\":\"ListItem\",\"position\":1,\"name\":\"Home\",\"item\":\"https:\/\/jeaninarat.com\/\"},{\"@type\":\"ListItem\",\"position\":2,\"name\":\"Shop\",\"item\":\"https:\/\/jeaninarat.com\/shop\/\"},{\"@type\":\"ListItem\",\"position\":3,\"name\":\"I&#8217;m the Elephant\"}]},{\"@type\":\"WebSite\",\"@id\":\"https:\/\/jeaninarat.com\/#website\",\"url\":\"https:\/\/jeaninarat.com\/\",\"name\":\"Jeanina Ra\u021b\",\"description\":\"A contemporary Romanian artist, creative and passionate of symbols and stories.\",\"publisher\":{\"@id\":\"https:\/\/jeaninarat.com\/#organization\"},\"potentialAction\":[{\"@type\":\"SearchAction\",\"target\":{\"@type\":\"EntryPoint\",\"urlTemplate\":\"https:\/\/jeaninarat.com\/?s={search_term_string}\"},\"query-input\":{\"@type\":\"PropertyValueSpecification\",\"valueRequired\":true,\"valueName\":\"search_term_string\"}}],\"inLanguage\":\"ro-RO\"},{\"@type\":\"Organization\",\"@id\":\"https:\/\/jeaninarat.com\/#organization\",\"name\":\"Jeanina Ra\u021b\",\"url\":\"https:\/\/jeaninarat.com\/\",\"logo\":{\"@type\":\"ImageObject\",\"inLanguage\":\"ro-RO\",\"@id\":\"https:\/\/jeaninarat.com\/#\/schema\/logo\/image\/\",\"url\":\"https:\/\/jeaninarat.com\/wp-content\/uploads\/2023\/02\/logo-11-m-nou-1.png\",\"contentUrl\":\"https:\/\/jeaninarat.com\/wp-content\/uploads\/2023\/02\/logo-11-m-nou-1.png\",\"width\":197,\"height\":194,\"caption\":\"Jeanina Ra\u021b\"},\"image\":{\"@id\":\"https:\/\/jeaninarat.com\/#\/schema\/logo\/image\/\"}}]}<\/script>\n<!-- \/ Yoast SEO plugin. -->","yoast_head_json":{"title":"I'm the Elephant - Jeanina Ra\u021b","robots":{"index":"index","follow":"follow","max-snippet":"max-snippet:-1","max-image-preview":"max-image-preview:large","max-video-preview":"max-video-preview:-1"},"canonical":"https:\/\/jeaninarat.com\/ro\/produs\/im-the-elephant-2\/","og_locale":"ro_RO","og_type":"article","og_title":"I'm the Elephant - Jeanina Ra\u021b","og_description":"''I'm the Elephant\" is available as prints in limited edition of 50 reproductions.  Please select the size. For any dimension please send us your request via contact form.","og_url":"https:\/\/jeaninarat.com\/ro\/produs\/im-the-elephant-2\/","og_site_name":"Jeanina Ra\u021b","article_modified_time":"2023-11-30T13:15:05+00:00","og_image":[{"width":945,"height":1181,"url":"https:\/\/jeaninarat.com\/wp-content\/uploads\/2023\/05\/elep75-1.jpg","type":"image\/jpeg"}],"twitter_card":"summary_large_image","twitter_misc":{"Timp estimat pentru citire":"1 minut"},"schema":{"@context":"https:\/\/schema.org","@graph":[{"@type":"WebPage","@id":"https:\/\/jeaninarat.com\/product\/im-the-elephant-2\/","url":"https:\/\/jeaninarat.com\/product\/im-the-elephant-2\/","name":"I'm the Elephant - Jeanina Ra\u021b","isPartOf":{"@id":"https:\/\/jeaninarat.com\/#website"},"primaryImageOfPage":{"@id":"https:\/\/jeaninarat.com\/product\/im-the-elephant-2\/#primaryimage"},"image":{"@id":"https:\/\/jeaninarat.com\/product\/im-the-elephant-2\/#primaryimage"},"thumbnailUrl":"https:\/\/jeaninarat.com\/wp-content\/uploads\/2023\/05\/elep75-1.jpg","datePublished":"2023-05-01T10:36:54+00:00","dateModified":"2023-11-30T13:15:05+00:00","breadcrumb":{"@id":"https:\/\/jeaninarat.com\/product\/im-the-elephant-2\/#breadcrumb"},"inLanguage":"ro-RO","potentialAction":[{"@type":"ReadAction","target":["https:\/\/jeaninarat.com\/product\/im-the-elephant-2\/"]}]},{"@type":"ImageObject","inLanguage":"ro-RO","@id":"https:\/\/jeaninarat.com\/product\/im-the-elephant-2\/#primaryimage","url":"https:\/\/jeaninarat.com\/wp-content\/uploads\/2023\/05\/elep75-1.jpg","contentUrl":"https:\/\/jeaninarat.com\/wp-content\/uploads\/2023\/05\/elep75-1.jpg","width":945,"height":1181},{"@type":"BreadcrumbList","@id":"https:\/\/jeaninarat.com\/product\/im-the-elephant-2\/#breadcrumb","itemListElement":[{"@type":"ListItem","position":1,"name":"Home","item":"https:\/\/jeaninarat.com\/"},{"@type":"ListItem","position":2,"name":"Shop","item":"https:\/\/jeaninarat.com\/shop\/"},{"@type":"ListItem","position":3,"name":"I&#8217;m the Elephant"}]},{"@type":"WebSite","@id":"https:\/\/jeaninarat.com\/#website","url":"https:\/\/jeaninarat.com\/","name":"Jeanina Ra\u021b","description":"A contemporary Romanian artist, creative and passionate of symbols and stories.","publisher":{"@id":"https:\/\/jeaninarat.com\/#organization"},"potentialAction":[{"@type":"SearchAction","target":{"@type":"EntryPoint","urlTemplate":"https:\/\/jeaninarat.com\/?s={search_term_string}"},"query-input":{"@type":"PropertyValueSpecification","valueRequired":true,"valueName":"search_term_string"}}],"inLanguage":"ro-RO"},{"@type":"Organization","@id":"https:\/\/jeaninarat.com\/#organization","name":"Jeanina Ra\u021b","url":"https:\/\/jeaninarat.com\/","logo":{"@type":"ImageObject","inLanguage":"ro-RO","@id":"https:\/\/jeaninarat.com\/#\/schema\/logo\/image\/","url":"https:\/\/jeaninarat.com\/wp-content\/uploads\/2023\/02\/logo-11-m-nou-1.png","contentUrl":"https:\/\/jeaninarat.com\/wp-content\/uploads\/2023\/02\/logo-11-m-nou-1.png","width":197,"height":194,"caption":"Jeanina Ra\u021b"},"image":{"@id":"https:\/\/jeaninarat.com\/#\/schema\/logo\/image\/"}}]}},"_links":{"self":[{"href":"https:\/\/jeaninarat.com\/ro\/wp-json\/wp\/v2\/product\/2630","targetHints":{"allow":["GET"]}}],"collection":[{"href":"https:\/\/jeaninarat.com\/ro\/wp-json\/wp\/v2\/product"}],"about":[{"href":"https:\/\/jeaninarat.com\/ro\/wp-json\/wp\/v2\/types\/product"}],"version-history":[{"count":10,"href":"https:\/\/jeaninarat.com\/ro\/wp-json\/wp\/v2\/product\/2630\/revisions"}],"predecessor-version":[{"id":3809,"href":"https:\/\/jeaninarat.com\/ro\/wp-json\/wp\/v2\/product\/2630\/revisions\/3809"}],"wp:featuredmedia":[{"embeddable":true,"href":"https:\/\/jeaninarat.com\/ro\/wp-json\/wp\/v2\/media\/2645"}],"wp:attachment":[{"href":"https:\/\/jeaninarat.com\/ro\/wp-json\/wp\/v2\/media?parent=2630"}],"wp:term":[{"taxonomy":"product_brand","embeddable":true,"href":"https:\/\/jeaninarat.com\/ro\/wp-json\/wp\/v2\/product_brand?post=2630"},{"taxonomy":"product_cat","embeddable":true,"href":"https:\/\/jeaninarat.com\/ro\/wp-json\/wp\/v2\/product_cat?post=2630"},{"taxonomy":"product_tag","embeddable":true,"href":"https:\/\/jeaninarat.com\/ro\/wp-json\/wp\/v2\/product_tag?post=2630"}],"curies":[{"name":"wp","href":"https:\/\/api.w.org\/{rel}","templated":true}]}}

<p><b>PRINTURI HARTIE</b></p>
<p>Printurile sunt realizate folosind hârtie de artă, bumbac 100% pe bază de fibre – Breathing Color sau Hahnemühle și pigmenți de arhivă cu o durată de viață de peste 80 de ani, fără decolorare. Pentru a avea cele mai bune rezultate și calitate procesul de imprimare folosit este giclée.<br />
Printurile sunt semnate și autentificate prin semnătura personală a artistului și numerotate pe spatele printului. Fiecare print este realizat cu un chenar alb de 1-2,5 cm pentru a facilita încadrarea.</p>
<p>Pentru a asigura o durată lungă de viață printurilor, vă recomandăm să protejați printul cu o sticlă cu protecție anti-UV sau să-l poziționați departe de lumina directă a soarelui.</p>
<p>Printurile sunt acum disponibile si inramate, vă rugăm selectați dimensiunea:<br />
– print 15x21cm/ cu ramă  20×30 cm,<br />
– print 21×30/ cu ramă 30×40 cm,<br />
– print 30×40/ cu ramă 40×50 cm.</p>
<p>Disponibil pe diferite dimensiuni la cerere.</p>
<p>Printurile cu dimensiunile 21×30 cm si 30x40cm sunt compatibile cu ramele Ikea 30x40cm si 40x50cm.</p>
<p>&nbsp;</p>
<p>&nbsp;</p>

<p>„I'm the Elephant” lucrare disponibilă sub formă de printuri în ediție limitată de 50 de reproduceri.</p>
<p>Vă rugăm selectați dimensiunea. Pentru alte dimensiuni vă rugăm sa ne transmiteti cererea dumneavoastră prin formularul de contact.</p>

<!-- This site is optimized with the Yoast SEO plugin v25.9 - https://yoast.com/wordpress/plugins/seo/ -->
<title>I&#039;m the Elephant - Jeanina Raț</title>
<meta name="robots" content="index, follow, max-snippet:-1, max-image-preview:large, max-video-preview:-1" />
<link rel="canonical" href="https://jeaninarat.com/ro/produs/im-the-elephant-2/" />
<meta property="og:locale" content="ro_RO" />
<meta property="og:type" content="article" />
<meta property="og:title" content="I&#039;m the Elephant - Jeanina Raț" />
<meta property="og:description" content="&#039;&#039;I&#039;m the Elephant&quot; is available as prints in limited edition of 50 reproductions.  Please select the size. For any dimension please send us your request via contact form." />
<meta property="og:url" content="https://jeaninarat.com/ro/produs/im-the-elephant-2/" />
<meta property="og:site_name" content="Jeanina Raț" />
<meta property="article:modified_time" content="2023-11-30T13:15:05+00:00" />
<meta property="og:image" content="https://jeaninarat.com/wp-content/uploads/2023/05/elep75-1.jpg" />
	<meta property="og:image:width" content="945" />
	<meta property="og:image:height" content="1181" />
	<meta property="og:image:type" content="image/jpeg" />
<meta name="twitter:card" content="summary_large_image" />
<meta name="twitter:label1" content="Timp estimat pentru citire" />
	<meta name="twitter:data1" content="1 minut" />
<script type="application/ld+json" class="yoast-schema-graph">{"@context":"https://schema.org","@graph":[{"@type":"WebPage","@id":"https://jeaninarat.com/product/im-the-elephant-2/","url":"https://jeaninarat.com/product/im-the-elephant-2/","name":"I'm the Elephant - Jeanina Raț","isPartOf":{"@id":"https://jeaninarat.com/#website"},"primaryImageOfPage":{"@id":"https://jeaninarat.com/product/im-the-elephant-2/#primaryimage"},"image":{"@id":"https://jeaninarat.com/product/im-the-elephant-2/#primaryimage"},"thumbnailUrl":"https://jeaninarat.com/wp-content/uploads/2023/05/elep75-1.jpg","datePublished":"2023-05-01T10:36:54+00:00","dateModified":"2023-11-30T13:15:05+00:00","breadcrumb":{"@id":"https://jeaninarat.com/product/im-the-elephant-2/#breadcrumb"},"inLanguage":"ro-RO","potentialAction":[{"@type":"ReadAction","target":["https://jeaninarat.com/product/im-the-elephant-2/"]}]},{"@type":"ImageObject","inLanguage":"ro-RO","@id":"https://jeaninarat.com/product/im-the-elephant-2/#primaryimage","url":"https://jeaninarat.com/wp-content/uploads/2023/05/elep75-1.jpg","contentUrl":"https://jeaninarat.com/wp-content/uploads/2023/05/elep75-1.jpg","width":945,"height":1181},{"@type":"BreadcrumbList","@id":"https://jeaninarat.com/product/im-the-elephant-2/#breadcrumb","itemListElement":[{"@type":"ListItem","position":1,"name":"Home","item":"https://jeaninarat.com/"},{"@type":"ListItem","position":2,"name":"Shop","item":"https://jeaninarat.com/shop/"},{"@type":"ListItem","position":3,"name":"I&#8217;m the Elephant"}]},{"@type":"WebSite","@id":"https://jeaninarat.com/#website","url":"https://jeaninarat.com/","name":"Jeanina Raț","description":"A contemporary Romanian artist, creative and passionate of symbols and stories.","publisher":{"@id":"https://jeaninarat.com/#organization"},"potentialAction":[{"@type":"SearchAction","target":{"@type":"EntryPoint","urlTemplate":"https://jeaninarat.com/?s={search_term_string}"},"query-input":{"@type":"PropertyValueSpecification","valueRequired":true,"valueName":"search_term_string"}}],"inLanguage":"ro-RO"},{"@type":"Organization","@id":"https://jeaninarat.com/#organization","name":"Jeanina Raț","url":"https://jeaninarat.com/","logo":{"@type":"ImageObject","inLanguage":"ro-RO","@id":"https://jeaninarat.com/#/schema/logo/image/","url":"https://jeaninarat.com/wp-content/uploads/2023/02/logo-11-m-nou-1.png","contentUrl":"https://jeaninarat.com/wp-content/uploads/2023/02/logo-11-m-nou-1.png","width":197,"height":194,"caption":"Jeanina Raț"},"image":{"@id":"https://jeaninarat.com/#/schema/logo/image/"}}]}</script>
<!-- / Yoast SEO plugin. -->

I'm the Elephant - Jeanina Raț

Jeanina Raț
